 Let s be x(-6). Calculate the highest common divisor of s and r.
1
Let b(z) = -z + 21. Let k be b(12). Suppose -110 = -k*w + 4*w. What is the highest common factor of 11 and w?
11
Let y be ((-9)/4)/(6/(-160)). Suppose 2*j = -z + y, -2*j = 5*z - 60 + 16. What is the highest common divisor of 80 and j?
16
Let l(x) = -65*x**3 - 2*x**2 - 2*x - 1. Let h = -5 - -4. Let m be l(h). What is the highest common factor of m and 8?
8
Suppose 2*k - k = 12. Suppose 0*h - 3*h + k = 0. Let s(n) = 2*n - 4. Let a be s(h). What is the greatest common factor of a and 4?
4
Let i = 1 + 1. Suppose u = 5*v - 68 + 12, -i*v + 44 = 5*u. What is the greatest common divisor of v and 60?
12
Let z = 64 + -37. Calculate the highest common divisor of 162 and z.
27
Let t be 227/5 + 2/(-5). Let q be (-106)/(-6) - (-2)/6. Let b = q - 3. What is the highest common divisor of t and b?
15
Let g(r) = r**3 + 11*r**2 + 3*r - 14. Let h be g(-10). Let w be 4/6 + h/6. Calculate the highest common factor of w and 100.
10
Let r = -62 + 69. What is the highest common divisor of 14 and r?
7
Let w(p) = p**2 - 2*p + 1. Let m be w(2). Let f be (-3 + 2)/(m/(-12)). What is the greatest common factor of 12 and f?
12
Suppose -73 = -5*o - k - 18, 0 = -4*o + 2*k + 58. Suppose -2*u + 258 = -o. What is the highest common divisor of 15 and u?
15
Let z be (-5)/20 - 69/(-4). What is the greatest common factor of z and 221?
17
Let u(k) be the first derivative of -14*k**2 + 4. Let b be u(1). Let c = b + 50. Calculate the greatest common factor of 33 and c.
11
Let p be 1878/54 + 4/18. Let n be 4 + 5 + ((-28)/4 - -3). Calculate the highest common divisor of n and p.
5
Let d(b) = -2*b**2 + b + 6. Let w be d(0). What is the highest common factor of 3 and w?
3
Let w be (-10)/35 + 16/7. Let r = 7 - 4. Suppose 5*u + 6 = -w*k, 0 = -r*u - 8 + 2. Calculate the greatest common divisor of 1 and k.
1
Let k be 1/2 + (-70)/(-4). What is the highest common factor of k and 45?
9
Let l(u) = -u - 7. Let z be l(-11). Suppose g + 4 = 3*g - 4*y, -4*y = -z*g + 28. Let w be (-4)/(0 - 1)*3. Calculate the greatest common divisor of g and w.
12
Suppose -67 + 51 = -4*s. What is the highest common factor of 28 and s?
4
Let q(j) = -j**3 + 6*j**2 - 2*j - 6. Let y be q(5). Suppose 0 = -2*k + 7*k - 15. Calculate the highest common divisor of y and k.
3
Let v be (-3)/(-2)*(69 + -3). Let r = v - 59. Calculate the greatest common divisor of 100 and r.
20
Suppose 0 = -5*z + 5 + 15. Let u = -4 - -6. Suppose 0 = 3*g + u*i - 138, -2*g + 0*i = 3*i - 97. What is the highest common divisor of g and z?
4
Let m = 3 - 2. Let q be 2/((-24)/(-21) - m). Suppose -140 = 7*t - 12*t. What is the greatest common divisor of q and t?
14
Suppose 110 = 5*p - 5*d, -5*p - d + 70 = 2*d. Calculate the greatest common factor of 119 and p.
17
Let s be ((-8)/4 - 0) + 22. Calculate the greatest common factor of 2 and s.
2
Suppose 3*d = -162 + 12. Let q = 138 + d. Calculate the greatest common factor of q and 8.
8
Suppose 6*a = 4*q + 2*a - 52, 43 = 3*q - 4*a. Let x(z) = -z**2 + 12*z - 7. Let y be x(q). What is the greatest common factor of y and 40?
20
Let y = -3 - -8. Suppose -8 = -y*r + 4*q + 68, r + 2*q = 4. Suppose 4*a - 2*u - 442 = 0, -2*u + 5*u + 555 = 5*a. What is the highest common factor of r and a?
12
Let j(t) = t + 23. Let s be j(17). Calculate the greatest common divisor of s and 440.
40
Let j be ((-10)/(-4))/((-2)/(-4)). Suppose 0 = j*p - 2 - 13. Calculate the highest common divisor of 9 and p.
3
Let q be (-12)/3*(-22)/8. Let a = 1 + q. Calculate the highest common divisor of 108 and a.
12
Let s(p) = -p**3 - 6*p**2 + 4*p - 9. Let u be s(-7). Let j be u + 2/1 + 0. What is the greatest common divisor of 14 and j?
14
Suppose 0*z + 5*z = 3*r + 83, 2*z - 5*r = 37. Let x = z + -12. What is the highest common factor of x and 10?
2
Let j be ((-33)/9 - -3)*(-63)/2. What is the greatest common factor of 84 and j?
21
Let z be 4/3*6/4. What is the greatest common divisor of 14 and z?
2
Let g = -3 - -25. Calculate the highest common factor of g and 2.
2
Let g be (-2 - -4) + (-1)/1*-8. Let y be (-15 - 0)/((-3)/8). Calculate the greatest common divisor of y and g.
10
Let p be (0 - 3/(-9))*3. What is the highest common divisor of 1 and p?
1
Let w be (9 - -5) + 2/(-2). What is the highest common factor of 39 and w?
13
Let z be (4/(12 - 4))/(1/28). What is the highest common divisor of 154 and z?
14
Let d = -14 - -110. Suppose -6*b + 18 + d = 0. What is the highest common divisor of 95 and b?
19
Let m be 1 - (13 + 1)/(-1). Let d = 348 + -183. Calculate the highest common factor of d and m.
15
Suppose 2*g - 14 = -0*g. Calculate the highest common divisor of g and 119.
7
Let y = 67 + -19. Calculate the highest common divisor of y and 72.
24
Let r = 20 + -12. What is the greatest common divisor of r and 2?
2
Let r(k) = k**3 - 12*k**2 + 11*k + 6. Let o be r(11). Let z be ((0/(-1))/1)/(-1). Suppose 3*i + z - 12 = 0. Calculate the highest common divisor of i and o.
2
Let s be (-70)/(-8) + (-9)/12. Suppose -2*a + 121 = -23. Calculate the greatest common factor of a and s.
8
Let f = 72 - 46. Calculate the greatest common divisor of f and 13.
13
Let z(s) = s**3 - 19*s**2 + 20*s - 20. Let w be z(18). Calculate the greatest common divisor of 40 and w.
8
Let z(y) = 98*y**3 + 3*y**2 - 3*y + 1. Let v be z(1). What is the greatest common divisor of 11 and v?
11
Let i(x) = -2*x + x + 3*x + 11*x**2 + 1 + x. Let w be i(-2). Suppose 5*l - u - w = 0, 5*u - 2*u - 27 = -3*l. Calculate the greatest common divisor of l and 56.
8
Let k = -2 + -14. Suppose -55 - 33 = -4*x. Let d = x + k. Calculate the greatest common divisor of 36 and d.
6
Let o = -103 + 274. Calculate the greatest common divisor of o and 9.
9
Let y be (-9)/2*(-1 + -1). Suppose -155 = -3*k - 5*b, 0 = -4*k - 0*b - 5*b + 200. What is the highest common factor of k and y?
9
Let i be 25 + 3/(0 + 3). Let v(l) = l + 13. Let k be v(0). Calculate the highest common factor of k and i.
13
Suppose -y + 4*w - 6 = -50, 0 = 2*y - 2*w - 70. What is the highest common divisor of 40 and y?
8
Let x be 8/(-12)*(-15)/2. Suppose 0 = -x*o + 4 + 6. Suppose 2*z = 0, o*n = -n - 5*z + 252. What is the highest common factor of n and 12?
12
Suppose -357 - 21 = -6*d. What is the greatest common divisor of d and 84?
21
Let k(f) = -f**3 + 5*f**2 - 5*f + 4. Let x be k(4). Let g = 2 + x. Calculate the greatest common divisor of g and 14.
2
Suppose -4*f = 2*z - 12, -3*z + f = 2*z + 14. Let q be (-36 + 0)*1/z. Calculate the highest common divisor of q and 27.
9
Suppose 10*j - 240 = 5*j. What is the highest common divisor of 32 and j?
16
Let r(s) = s**3 + 7*s**2 + s - 3. Let d be r(-3). Suppose 3*j + 3 = 2*f - 7, -2*j = 2*f - d. Calculate the highest common factor of f and 55.
11
Suppose -v + 5 = 0, 2*v + 570 = 5*i + 4*v. Suppose 4*y = 3*y + 14. What is the highest common factor of y and i?
14
Let m(t) = t**3 + 2*t**2 + 2. Let o be m(-2). Suppose 4*f = -5*k + 75, -o*f = k + 2*f - 15. Calculate the highest common divisor of 15 and k.
15
Suppose 0 = -2*f + 5*f - 210. Suppose 0 = -m + 7 + 1. Let g = 20 + m. What is the greatest common factor of f and g?
14
Let i(s) = -2*s**3 + 12*s**2 + 2*s + 1. Let u be i(6). Suppose -5*g + 3*v + 2*v = -80, 24 = 3*g + 5*v. What is the highest common factor of g and u?
13
Let u(g) = -3*g**3 + 3*g**2 + 2*g. Let c be u(-2). Calculate the highest common divisor of 8 and c.
8
Suppose 0*n = 5*n - 60. Suppose -208 = -3*j + 44. What is the greatest common factor of j and n?
12
Let q be (-10)/3*(-54)/12. Calculate the greatest common factor of 15 and q.
15
Let a(p) = 3*p - 1. Let m be a(3). Suppose d - 3*d = -m. Suppose 0 = 5*y + d*c - 22 - 16, 5*y - 22 = 4*c. Calculate the highest common factor of y and 54.
6
Let s(z) = -2*z + 2. Let k be s(-3). Let c(g) = g**2 - 6*g - 6. Let h be c(k). Calculate the highest common divisor of 70 and h.
10
Let a be ((-14)/(-6))/((-7)/(-42)). Let y(p) = -5*p**3 + 2*p**2 - 1. Let x be y(1). Let z be 4/5*(-630)/x. Calculate the greatest common divisor of a and z.
14
Suppose -3 = -5*k + 27. Suppose 4*y - k - 2 = 0. Suppose 0 = 2*s - y. What is the highest common divisor of s and 1?
1
Suppose 0 = 2*m - 3 - 3. Let q(z) = -z**3 + 7*z**2 - z + 10. Let h be q(7). Calculate the highest common divisor of h and m.
3
Let h(